?
2
What is the hundred thousands digit of 1149763?
1
What is the thousands digit of 1426165?
6
What is the thousands digit of 1894310?
4
What is the hundred thousands digit of 19178737?
1
What is the hundreds digit of 372433?
4
What is the units digit of 129854?
4
What is the units digit of 272265?
5
What is the tens digit of 77273?
7
What is the millions digit of 4545801?
4
What is the units digit of 29949560?
0
What is the tens digit of 460725?
2
What is the tens digit of 419846?
4
What is the units digit of 218964?
4
What is the ten thousands digit of 1606611?
0
What is the units digit of 1124969?
9
What is the hundred thousands digit of 4168265?
1
What is the thousands digit of 181704?
1
What is the hundreds digit of 3046363?
3
What is the thousands digit of 4332302?
2
What is the units digit of 6254595?
5
What is the units digit of 6778?
8
What is the hundreds digit of 14335716?
7
What is the hundred thousands digit of 397085?
3
What is the hundreds digit of 11358632?
6
What is the ten thousands digit of 128512?
2
What is the units digit of 130354?
4
What is the hundred thousands digit of 37997034?
9
What is the hundreds digit of 258056?
0
What is the thousands digit of 13285675?
5
What is the hundred thousands digit of 226924?
2
What is the ten thousands digit of 267424?
6
What is the tens digit of 236756?
5
What is the hundred thousands digit of 1656456?
6
What is the ten thousands digit of 5466995?
6
What is the hundreds digit of 8421893?
8
What is the ten thousands digit of 10100712?
0
What is the units digit of 154264?
4
What is the thousands digit of 2369165?
9
What is the thousands digit of 165878?
5
What is the tens digit of 21226915?
1
What is the hundreds digit of 19780?
7
What is the hundreds digit of 854688?
6
What is the tens digit of 23018985?
8
What is the millions digit of 3686841?
3
What is the ten thousands digit of 300895?
0
What is the thousands digit of 94439?
4
What is the units digit of 553?
3
What is the ten thousands digit of 173051?
7
What is the hundred thousands digit of 2571563?
5
What is the units digit of 77441?
1
What is the units digit of 682308?
8
What is the tens digit of 605587?
8
What is the thousands digit of 546984?
6
What is the hundreds digit of 42654?
6
What is the thousands digit of 5435358?
5
What is the units digit of 3025370?
0
What is the hundreds digit of 10329167?
1
What is the tens digit of 1975725?
2
What is the hundreds digit of 3482561?
5
What is the ten thousands digit of 15357727?
5
What is the hundreds digit of 43602880?
8
What is the thousands digit of 3898913?
8
What is the thousands digit of 174794?
4
What is the millions digit of 2201031?
2
What is the hundred thousands digit of 931123?
9
What is the tens digit of 2266091?
9
What is the thousands digit of 1761875?
1
What is the thousands digit of 16176903?
6
What is the tens digit of 3298487?
8
What is the units digit of 291170?
0
What is the thousands digit of 122001?
2
What is the units digit of 14909250?
0
What is the hundreds digit of 1978962?
9
What is the millions digit of 3124587?
3
What is the ten millions digit of 19430255?
1
What is the tens digit of 1601404?
0
What is the hundred thousands digit of 12540100?
5
What is the thousands digit of 7537823?
7
What is the hundreds digit of 1126540?
5
What is the tens digit of 288351?
5
What is the ten thousands digit of 1023909?
2
What is the ten millions digit of 16137142?
1
What is the thousands digit of 1841013?
1
What is the ten thousands digit of 2439663?
3
What is the hundred thousands digit of 24515768?
5
What is the units digit of 110277?
7
What is the units digit of 453826?
6
What is the tens digit of 516503?
0
What is the hundreds digit of 3561565?
5
What is the ten millions digit of 27456875?
2
What is the hundreds digit of 4950365?
3
What is the units digit of 68474?
4
What is the thousands digit of 236400?
6
What is the ten millions digit of 30898098?
3
What is the ten thousands digit of 142193?
4
What is the ten thousands digit of 14356277?
5
What is the units digit of 501591?
1
What is the ten millions digit of 31430735?
3
What is the units digit of 11619573?
3
What is the thousands digit of 323329?
3
What is the tens digit of 1509383?
8
What is the hundred thousands digit of 710862?
7
What is the hundred thousands digit of 3374366?
3
What is the tens digit of 8319161?
6
What is the units digit of 130454?
4
What is the thousands digit of 30463?
0
What is the tens digit of 1199026?
2
What is the hundreds digit of 806794?
7
What is the tens digit of 442300?
0
What is the hundred thousands digit of 455880?
4
What is the ten thousands digit of 618272?
1
What is the units digit of 4481289?
9
What is the hundreds digit of 344988?
9
What is the hundreds digit of 15363187?
1
What is the hundreds digit of 162024?
0
What is the ten thousands digit of 8110990?
1
What is the units digit of 894889?
9
What is the hundreds digit of 332954?
9
What is the units digit of 768015?
5
What is the millions digit of 8334233?
8
What is the thousands digit of 4724288?
4
What is the ten thousands digit of 2250076?
5
What is the hundred thousands digit of 128981?
1
What is the hundreds digit of 117411?
4
What is the thousands digit of 226236?
6
What is the hundreds digit of 26561735?
7
What is the hundred thousands digit of 1752440?
7
What is the hundred thousands digit of 198544?
1
What is the tens digit of 3962257?
5
What is the hundreds digit of 15739061?
0
What is the thousands digit of 17697010?
7
What is the units digit of 32703558?
8
What is the hundred thousands digit of 721221?
7
What is the millions digit of 20876404?
0
What is the thousands digit of 281658?
1
What is the ten thousands digit of 390863?
9
What is the tens digit of 246793?
9
What is the thousands digit of 278939?
8
What is the tens digit of 8461090?
9
What is the thousands digit of 18473084?
3
What is the hundreds digit of 5450542?
5
What is the thousands digit of 592096?
2
What is the tens digit of 22278021?
2
What is the hundreds digit of 241790?
7
What is the millions digit of 1883657?
1
What is the units digit of 999127?
7
What is the units digit of 67372?
2
What is the hundred thousands digit of 1262080?
2
What is the units digit of 3481072?
2
What is the thousands digit of 3180059?
0
What is the thousands digit of 176586?
6
What is the ten thousands digit of 4368271?
6
What is the tens digit of 1713620?
2
What is the tens digit of 17457417?
1
What is the hundred thousands digit of 1131626?
1
What is the millions digit of 6668580?
6
What is the tens digit of 977167?
6
What is the millions digit of 1213184?
1
What is the units digit of 191250?
0
What is the units digit of 11786?
6
What is the tens digit of 2841430?
3
What is the thousands digit of 10493?
0
What is the hundred thousands digit of 169481?
1
What is the thousands digit of 3916880?
6
What is the tens digit of 943881?
8
What is the millions digit of 1123265?
1
What is the ten thousands digit of 18070?
1
What is the ten thousands digit of 2284264?
8
What is the ten thousands digit of 284871?
8
What is the ten thousands digit of 69057?
6
What is the hundred thousands digit of 17859705?
8
What is the hundred thousands digit of 2279495?
2
What is the millions digit of 17474130?
7
What is the ten thousands digit of 1405674?
0
What is the tens digit of 184411?
1
What is the hundreds digit of 912843?
8
What is the tens digit of 385850?
5
What is the thousands digit of 1046473?
6
What is the thousands digit of 2924173?
4
What is the hundred thousands digit of 3352591?
3
What is the millions digit of 10447456?
0
What is the thousands digit of 5126398?
6
What is the thousands digit of 2422668?
2
What is the thousands digit of 150562?
0
What is the millions digit of 14314947?
4
What is the thousands digit of 1662205?
2
What is the ten thousands digit of 33348788?
4
What is the ten thousands digit of 5925649?
2
What is the tens digit of 17041129?
2
What is the millions digit of 18729277?
8
What is the hundreds digit of 28111396?
3
What is the hundred thousands digit of 2615419?
6
What is the ten thousands digit of 32759?
3
What is the ten thousands digit of 1494159?
9
What is the ten thousands digit of 2628670?
2
What is the units digit of 1373604?
4
What i